{"id":2033,"date":"2022-05-19T18:01:11","date_gmt":"2022-05-19T16:01:11","guid":{"rendered":"https:\/\/www.sushi-wiesbaden.de\/shop\/?post_type=product&#038;p=2033"},"modified":"2025-01-15T15:56:14","modified_gmt":"2025-01-15T14:56:14","slug":"luxus-menue","status":"publish","type":"product","link":"https:\/\/www.sushi-wiesbaden.de\/shop\/produkt\/luxus-menue\/","title":{"rendered":"Luxus Men\u00fc"},"content":{"rendered":"<p>1 x Sake-Maki 6 Stk.<br \/>\n1 x Tekka-Maki 6 Stk.<br \/>\n1 x Kappa-Maki 6 Stk.<br \/>\n1 x Shinko-Maki 6 Stk.<br \/>\n2 x Saba Nigiri 4 Stk<br \/>\n2 x Sake Nigiri 4 Stk<br \/>\n2 x Maguro Nigiri 4 Stk<br \/>\n2 x Ebi Nigiri 4 Stk<br \/>\n1 x Futomaki 4 Stk.<br \/>\n1 x Spicy Arasuka 2 Stk.<br \/>\n1 x Hot Spicy Tuna 2 Stk.<br \/>\n1 x Negi Sake 2 Stk.<br \/>\n1 x Ikura 2 Stk.<br \/>\n2 x Yamba Roll 8 Stk.<\/p>\n<p>60 St\u00fcck<\/p>\n","protected":false},"excerpt":{"rendered":"<p>Insgesamt 60 leckere H\u00e4ppchen f\u00fcr drei bis f\u00fcnf Personen.<br \/>\nUnser Angebot f\u00fcr Kenner<\/p>\n","protected":false},"featured_media":13694,"template":"","meta":{"_et_pb_use_builder":"","_et_pb_old_content":"","_et_gb_content_width":""},"product_brand":[],"product_cat":[40],"product_tag":[],"class_list":{"0":"post-2033","1":"product","2":"type-product","3":"status-publish","4":"has-post-thumbnail","6":"product_cat-partymenues","8":"first","9":"instock","10":"taxable","11":"shipping-taxable","12":"purchasable","13":"product-type-simple"},"_links":{"self":[{"href":"https:\/\/www.sushi-wiesbaden.de\/shop\/wp-json\/wp\/v2\/product\/2033","targetHints":{"allow":["GET"]}}],"collection":[{"href":"https:\/\/www.sushi-wiesbaden.de\/shop\/wp-json\/wp\/v2\/product"}],"about":[{"href":"https:\/\/www.sushi-wiesbaden.de\/shop\/wp-json\/wp\/v2\/types\/product"}],"wp:featuredmedia":[{"embeddable":true,"href":"https:\/\/www.sushi-wiesbaden.de\/shop\/wp-json\/wp\/v2\/media\/13694"}],"wp:attachment":[{"href":"https:\/\/www.sushi-wiesbaden.de\/shop\/wp-json\/wp\/v2\/media?parent=2033"}],"wp:term":[{"taxonomy":"product_brand","embeddable":true,"href":"https:\/\/www.sushi-wiesbaden.de\/shop\/wp-json\/wp\/v2\/product_brand?post=2033"},{"taxonomy":"product_cat","embeddable":true,"href":"https:\/\/www.sushi-wiesbaden.de\/shop\/wp-json\/wp\/v2\/product_cat?post=2033"},{"taxonomy":"product_tag","embeddable":true,"href":"https:\/\/www.sushi-wiesbaden.de\/shop\/wp-json\/wp\/v2\/product_tag?post=2033"}],"curies":[{"name":"wp","href":"https:\/\/api.w.org\/{rel}","templated":true}]}}